 common divisor of 99 and n?
11
Suppose 9*u - 133 - 83 = 0. Calculate the highest common divisor of 276 and u.
12
Let j(l) = -l + 915. Let p be j(0). Calculate the greatest common divisor of 30 and p.
15
Let k = 1016 - 832. What is the highest common factor of k and 46?
46
Suppose 164*n - 170*n + 666 = 0. What is the highest common factor of 6 and n?
3
Suppose 0 = -5*n - 2*h + 64, -30 = -3*n - h - 3*h. Let m(r) = r**3 - 14*r**2 + 2*r + 6. Let k be m(n). What is the highest common factor of 102 and k?
34
Let z be (-2430)/(-10) + 5 + -2. Calculate the highest common factor of z and 12.
6
Let j = -77 - -77. Suppose j = 12*o - 5*o - 140. Let p(x) = x**3 + 9*x**2 - x - 4. Let q be p(-9). What is the highest common divisor of o and q?
5
Suppose -8*c = -6*c - 76. Suppose 0 = -5*g + 5 - 15, -3*i + c = 2*g. Let a be 0/(-2) + (-1023)/(-11) + 19. Calculate the highest common divisor of a and i.
14
Let u(j) = 4*j. Suppose 5*n + 22 = 2*q, -5*n = 2*q - n - 4. Let d be (-4)/q - (-25)/15. Let a be u(d). Calculate the highest common factor of 6 and a.
2
Let p = 54 - 48. What is the highest common factor of p and 30?
6
Let u(x) = x - 2. Suppose 3*s = -0*s + 15. Suppose -1 = k + 2*q - s, 8 = 2*k - 5*q. Let i be u(k). What is the greatest common divisor of 4 and i?
2
Let w(v) = -v**2 + 15*v + 37. Let l be w(17). Calculate the highest common divisor of 6 and l.
3
Let y be 3/6 + (199/2)/1. What is the greatest common factor of y and 40?
20
Let h(w) = -2*w**3 - 6*w**2 + 2. Let f be h(-4). Suppose -19*n - 8*n + 2295 = 0. What is the highest common factor of f and n?
17
Suppose -1349 = -3*g - h, -789 = 4*g - h - 2590. Calculate the greatest common divisor of 180 and g.
90
Let b = 321 - 46. Calculate the highest common factor of 44 and b.
11
Let p = 27 + -52. Let j = -4 - p. Suppose -3*c = -c - 42. What is the highest common factor of j and c?
21
Let i(z) = 9*z + 380. Let o be i(-41). Let l(f) = 2*f**3 + 6*f**2 + 4*f + 1. Let k be l(-4). Let b = k + 80. What is the greatest common factor of o and b?
11
Let i(r) = 3*r**2 - 37*r - 5. Let z be i(13). Calculate the greatest common divisor of z and 3.
3
Let j(w) be the third derivative of w**5/15 + w**4/2 - 7*w**3/6 + 52*w**2. Let x be j(-6). What is the greatest common factor of 65 and x?
65
Let l = -21 - -26. Let b(w) = -w**2 - 9*w + 12. Suppose -3*c - 50 = 4*n, 0 = c + 5*n + 34 + 1. Let k be b(c). What is the greatest common divisor of k and l?
1
Let n(d) = -4*d**3 - 2. Let c be n(-2). Let p be ((-10)/12)/(5*(-3)/360). Calculate the highest common factor of p and c.
10
Suppose 18*a - 1229 = -257. Calculate the highest common divisor of 90 and a.
18
Let o be ((-8)/(-24))/(2/150). Suppose -7*r = -2*r + 3*a - o, 2*r + 4*a - 24 = 0. Suppose -r*p - 32 = -4*p. Calculate the greatest common divisor of p and 2.
2
Suppose t + 112 = 5*p, 5*t + 121 = 5*p + 1. Suppose v + b - 9 = 11, -v + p = 2*b. What is the greatest common factor of v and 24?
6
Let h(a) = a + 5. Let m be h(-2). Suppose -m*l = -4*l + 5. Suppose -l*u + 23 = -47. Calculate the greatest common divisor of 21 and u.
7
Let t(k) = k**3 + 7*k**2 + 6*k - 1. Let w be t(-6). Let o = 137 + w. What is the highest common factor of 34 and o?
34
Let z = -61 - -59. Let k(c) = -c - 9. Let x be k(8). Let p be x/(-1) + z + 0. What is the highest common divisor of 120 and p?
15
Let w(m) = -3*m. Let c be w(-2). Let h be c/(-9)*(-9 - 0). Let s(d) = -20*d + 812. Let k be s(40). Calculate the highest common factor of k and h.
6
Let l(u) = 12*u**2 - u - 2. Let o be l(-2). Suppose -25*m - 90 = -40*m. Calculate the highest common factor of m and o.
6
Let g(l) = 2*l. Let j be g(1). Let q(v) = 23*v - 43. Let f be q(2). Suppose 2*m - 12 = -3*m + j*d, -f*m - d = -5. What is the highest common divisor of m and 2?
2
Let m = -2723 + 2726. Calculate the highest common factor of 618 and m.
3
Suppose i = 15 - 12. Let q be (-4)/(-8)*(i + 3). Calculate the greatest common divisor of 6 and q.
3
Let z(n) = n**3 + 4*n**2 - 4*n + 5. Let v be z(-5). Let j be (-29 - 13)/(-1 - v). Calculate the greatest common divisor of j and 6.
6
Let a = 3 + 4. Let v be 166/a + 16/56. Let u(d) = 2*d**2 - 6*d + 16. Let n be u(3). Calculate the greatest common factor of v and n.
8
Let t(c) = -c**2 + 17*c - 20. Let r be t(8). Suppose -4*s = -3*s - r. What is the highest common divisor of 78 and s?
26
Let p be (-52)/(-3) + 2/(-6). Let z = 15 - 9. Suppose z*q = 7*q - 136. Calculate the greatest common factor of q and p.
17
Let u = -103 - -107. Suppose -9 = u*k - 361. What is the highest common divisor of k and 8?
8
Let b(a) = 2*a**3 + 17*a**2 - 9*a + 2. Let y be b(-9). Suppose -4*o + 2 = -3*u, -u + 2*u = -4*o + 26. What is the highest common factor of u and y?
2
Let m = -902 + 947. What is the greatest common divisor of 180 and m?
45
Suppose -2*l = -2*b + 4, 3*l + 2*b - 15 = -6. Suppose -3*c + 4*c = -l. Let o = c + 9. Calculate the greatest common factor of 32 and o.
8
Let p be (4/3)/(2/27). Let b be ((-4)/(-6))/(-4 + 10/3). Let i be (-2)/b - (-6 - (-1 - -2)). Calculate the highest common divisor of p and i.
9
Let a(u) = -6*u**2 - 44*u + 16. Let z be a(-6). Calculate the greatest common factor of 96 and z.
32
Let w(p) = -p**3 - p**2 + 6*p. Let t be w(-5). Let i be 176/18 + (-28)/(-126). Calculate the highest common divisor of i and t.
10
Suppose 2*c = 6*c - 12. Let v = 2 + -2. Suppose v = -c*x - 60 + 204. Calculate the highest common divisor of 12 and x.
12
Suppose 0 = 6*p - 464 - 40. Suppose 0*y = -y + p. What is the greatest common divisor of 12 and y?
12
Let f = -19 - -23. Suppose f*a - 7*a = -72. Let i be (a + 0)*2/4. What is the highest common divisor of 3 and i?
3
Let t(j) = j**3 + 7*j**2 - 6*j + 10. Let g be t(-8). Let b be g/(-2) + -6 + 3. Suppose b*y + 48 = 3*y. What is the highest common divisor of y and 40?
8
Suppose 0 = x + 2 + 3. Let v(y) = -y**3 - 4*y**2 - y + 12. Let z be v(x). What is the greatest common divisor of 28 and z?
14
Let q(u) = u**2 - 2*u - 3. Let i be q(4). Suppose -2*w + i - 3 = 0. Let m be 66 - (2/1 + w). Calculate the greatest common factor of 42 and m.
21
Let i(x) = x**2 + 9*x - 19. Let q be i(-13). Let m(g) = g + 102. Let o be m(30). What is the highest common divisor of q and o?
33
Suppose 47 + 51 = 7*r. Let s(c) = -c**3 - c**2. Let l be s(-2). Suppose 14 = 3*d - 4*h - 33, -80 = -l*d + h. What is the highest common divisor of d and r?
7
Suppose -5*w + 16 = 6. Let i be ((-1119)/(-6) - 5)*w. What is the greatest common factor of 33 and i?
33
Let l(k) = 2*k**2 + 11*k + 3. Suppose 8*v = 9*v + 7. Let u be l(v). What is the highest common factor of 48 and u?
24
Suppose 8*g - 5*a = 5*g + 144, -2*g - 5*a + 96 = 0. What is the highest common factor of 54 and g?
6
Let n be -15*(896/(-20) + -4). Let i be 2/(-5) - n/(-30). Suppose 3*g = -4*w + 11, 5*g - 33 = 3*w + i. Calculate the greatest common factor of g and 3.
3
Let s(p) = p**2 + 8*p - 7. Let h be s(-13). Suppose -4*u - 248 = -828. Calculate the greatest common factor of h and u.
29
Suppose -4*f = -8 + 48. Let d(r) = -4*r + 30. Let v be d(f). Let i(o) = 4*o - 6. Let x be i(5). What is the greatest common factor of v and x?
14
Let l = 4 - 4. Suppose -2*s - 2 = 5*q, 5*q + 10 = -l. Suppose -20 = -s*b + 8. Calculate the highest common divisor of 1 and b.
1
Let n be 1/7 + 328/56. Let c = 24 + 6. What is the greatest common divisor of n and c?
6
Suppose -2*u - 36 = -z, u = -6*z + 5*z + 48. What is the highest common factor of 418 and z?
22
Let v be -2*(-1)/10 + 1749/55. Let r = v - 27. Calculate the greatest common divisor of r and 55.
5
Let a = 3700 - 1087. Calculate the greatest common divisor of 67 and a.
67
Suppose -4*f = 2*g - 34, -3 + 2 = g - 4*f. Suppose -g*o = -8*o - 18. What is the greatest common divisor of o and 18?
6
Let m be (-6)/(-27) + 1030/(-18). Suppose 8*s = 9*s - 189. Let a = m + s. What is the highest common factor of 12 and a?
12
Let p = -72 - -77. Let l be 17 + (p - 2) - -3*1. What is the highest common divisor of 253 and l?
23
Suppose 2*c - 704 + 272 = -2*y, 5*y - 860 = -4*c. Calculate the greatest common factor of c and 44.
44
Suppose -4 = -25*q + 21*q. What is the highest common divisor of q and 8?
1
Let h be 31*-1*1/(-1). Let g(w) = 150*w - 84. Let p be g(8). Suppose -3*f - p = -7*f. Calculate the highest common divisor of h and 